). What is the units digit of (-9528)/d - (-4)/(-18)?
8
Suppose -17*z + 12*z + 2355 = 0. What is the tens digit of z?
7
Let y be 2/4 - (-53)/(-2). Let l = 14 + -28. Let r = l - y. What is the tens digit of r?
1
Let o(f) = f**3 - 8*f**2 - 2*f + 1. Let n be o(8). Let a be n/(-25) - (-32)/(-20). What is the tens digit of (-1 + 120 + a)/2?
5
Let f be ((-2)/(-4))/((-2)/(-8)). Suppose 2*t = -r + 6, 3*t - 20 = -2*t - 5*r. Suppose -4*d - d = f*h - 52, 0 = 5*h + t*d - 130. What is the tens digit of h?
2
Suppose -7182 = -5*b - 2117. What is the hundreds digit of b?
0
Let m = 12 + -16. Let w be (8/(-10))/(m/360). Let c = -18 + w. What is the tens digit of c?
5
What is the thousands digit of (-1993838)/(-1452) - 10/(-12)?
1
Suppose 33*v - 15353 = 28*v - 3*z, -v = z - 3071. What is the units digit of v?
0
Let l(p) be the first derivative of 3*p**2/2 - 6*p + 2. Let w(c) = c**2 - 8*c - 5. Let u be w(9). What is the units digit of l(u)?
6
Suppose -5*i - 4*q + 186 = -84, q = -3*i + 155. Let r be (-30)/(-9)*(-126)/(-15). Let b = i - r. What is the units digit of b?
2
Let x be ((-10)/(-16) - 1) + 135/(-24). Let o = -4 - 0. What is the tens digit of (x - o)/((-1)/18)?
3
Let l = 27 - 24. Suppose 4*i - 3*i - l = 0. Suppose -i*d = 2*d - 15. What is the units digit of d?
3
Let d = 47 - 75. Let x = 154 + d. Suppose c + 3*c - x = -5*z, -5*z = -10. What is the units digit of c?
9
Let r = 10 - 10. Let b be (r - 0)*(-5)/10. Let n(j) = -j**2 - 2*j + 3. What is the units digit of n(b)?
3
Suppose 3*x + 29 = 47. What is the tens digit of (22/x - (-30)/(-10))*180?
2
Suppose 5*c = 3*c + 244. What is the tens digit of c?
2
Let m be ((-10)/30)/((-1)/(-3)). Let y(w) = 113*w**2 + 4*w. What is the tens digit of y(m)?
0
Suppose 104*u = 105*u - 541. What is the units digit of u?
1
Suppose -7*l = 2*l - 2538. What is the tens digit of l?
8
What is the units digit of (-9)/45 + (-1124)/(-20)?
6
Let w(z) be the second derivative of -5/3*z**3 - 1/2*z**2 - 1/12*z**4 + 0 - 3*z. What is the tens digit of w(-6)?
2
Suppose -5*a + a + 12 = 4*q, -q + 2 = 2*a. Suppose -o = -0*o - 5. Suppose -r = -4*f + 14, q*r - 7*f + o*f = 0. What is the units digit of r?
2
Let u be (10/(-30))/((-2)/(-6)). Let b(f) = -81*f. What is the units digit of b(u)?
1
Suppose -6*m + m = -160. Suppose 3*z - 5*d - 27 = 0, -5*d - 3 = z - m. What is the units digit of z/(-63) + (-22)/(-18)?
1
Let w(i) = i + 3. Let y be w(-3). Suppose -3*v + 3 + 6 = y. What is the units digit of (-5 + -23)*v/(-4)?
1
Let b be (-36)/16*8/(-3). Let u = 59 - b. What is the tens digit of u?
5
Suppose -4*b = -2*q + 148, 18*q - 2*b = 22*q - 306. What is the units digit of q?
6
Suppose -5*b + 7*r = 2*r - 9975, 7981 = 4*b - 3*r. What is the units digit of b?
6
Let t(v) = -5*v**2 - 160*v + 2. What is the units digit of t(-32)?
2
Let l = 251 + -138. Let a = l - 68. Suppose 0*o - a = -3*o. What is the tens digit of o?
1
Let p(x) = 15*x - 166. What is the hundreds digit of p(44)?
4
Let x = -216 + 428. What is the tens digit of x?
1
Let m(o) = -47*o - 42. What is the tens digit of m(-5)?
9
Suppose 7*z + 742 - 5936 = 0. Suppose 0 = 11*a - 4*a - z. What is the tens digit of a?
0
Let z be (-1 + 1/2)/((-13)/(-26)). What is the tens digit of z - -5 - (-8 + 13) - -97?
9
Suppose -4*b + 6*q = 3*q - 18, -4*q = -3*b + 17. Suppose 5*l - 15 = 0, b*k + 83 - 269 = -l. What is the units digit of k?
1
Suppose -6*c - 1 = -25. What is the tens digit of c/5*275/11?
2
Let b(f) = -7*f + 5. Let p(i) = 8*i - 4. Let g = 5 - 0. Let k(r) = g*b(r) + 6*p(r). What is the tens digit of k(1)?
1
Suppose 3*f - 3776 - 892 = 0. What is the units digit of f?
6
Let q(c) be the second derivative of -3*c**3 - 23*c**2/2 + 29*c. What is the hundreds digit of q(-11)?
1
Let c be (1 - 4)/1 + 0. Let l be ((-8)/(-6))/((-2)/c). What is the units digit of (-40)/(-24)*(l + 1)?
5
Let q(h) = 2*h**2 - 3*h. Let o(g) = g**2 - 5*g + 5. Let j(t) = -1. Let l(n) = 2*j(n) + o(n). Let a be l(2). What is the tens digit of q(a)?
2
Suppose 0 = -3*j + 7*j - 20. Suppose -2*f = 5*l - 14 + 4, 4*l = -j*f + 25. Suppose -f*o - 5*m + 0*m = -20, -10 = -o - 3*m. What is the units digit of o?
1
Suppose -23*f = -19*f - 3*t - 6179, -5*f + 7685 = 4*t. What is the units digit of f?
1
Let g = 287 - -868. What is the hundreds digit of g?
1
Let a = -110 - -233. What is the tens digit of a?
2
Let k(h) = 52*h**2 - 4*h - 1. What is the units digit of k(2)?
9
Suppose -3692 + 9698 = 14*w. Let c = w + -257. What is the units digit of c?
2
Let z(s) = -4*s - 7. Let m be z(-3). Suppose -2*l = -5*u + l, m*u = 4*l - 5. What is the tens digit of (2 + -6)*(u - 11)?
3
Suppose 18 = 10*b - 52. What is the hundreds digit of ((-8)/(-14))/(-1) + 872/b?
1
Let b be (1*24/(-28))/(3/(-63)). Let w = -2 + 5. Suppose -b = -2*q - 2*t, 5*q + 12 = -w*t + 63. What is the units digit of q?
2
Let s(r) be the second derivative of r**4/12 + 7*r**3/6 + 3*r**2 - 4*r. What is the units digit of s(-10)?
6
Let d be 2/(-7) + (-2532)/(-42). Suppose 6*i = -59 - 13. Let w = i + d. What is the tens digit of w?
4
Suppose 2*n = 5*k - 793, -5*k + 990 = -n + 196. Let p = -73 + k. What is the units digit of p?
6
Let y(a) = -a**3 - 14*a**2 + 16*a + 13. Let l be y(-15). What is the units digit of ((-18)/l*-1)/(3/(-100))?
0
Suppose -3*x = 3*c - 63, -c + 3*x = x - 27. Let s = c - 16. What is the units digit of s?
7
Suppose -6*z - 4*x = -4*z - 2538, -2*z - 3*x = -2542. What is the thousands digit of z?
1
Suppose -264 = 4*x - 0*x. What is the units digit of (-4)/8*4 - x?
4
Suppose -u = 2*f + 1, -23 = -f + 2*f + 5*u. Let i(x) = 2*x**3 - x**2 - x + 2. Let d be i(f). Let v = d - -16. What is the tens digit of v?
2
Suppose -3*n + 0*n = -486. Let l = n - 114. What is the units digit of l?
8
Let k(j) = -j**3 + 22*j**2 + 22*j + 20. Let q be k(23). Let o(c) = -22*c + 1. What is the tens digit of o(q)?
6
What is the hundreds digit of 151100/(-40)*(-6)/15?
5
Let i(d) be the third derivative of 1/3*d**3 - 7*d**2 + 0 + 5/24*d**4 + 1/60*d**5 + 0*d. What is the units digit of i(-6)?
8
Let s be 2/(16/(-52)) - 1/(-2). What is the hundreds digit of (-192)/(-2) + (-2 - s)?
1
Suppose 0 = 2*p + 3*p, 0 = -g + 4*p - 692. Let b = g + 987. What is the tens digit of b?
9
Suppose -5*t - 5 = -6*t. Let l(b) = b**3 - 6*b**2 + 4*b + 5. Let p be l(t). Suppose -3*a - 2*s = 2*a - 150, -5*s = p. What is the units digit of a?
0
Let t be (-4)/(-1) + (-28 - 7). Let o = t + 50. What is the units digit of o?
9
Suppose 2*d - d = 1, s + 5*d - 126 = 0. What is the hundreds digit of s?
1
Suppose 4*n - 1133 = -4*s - 193, -3*s - 4*n + 708 = 0. What is the hundreds digit of s?
2
Suppose 460 = -144*v + 146*v. What is the hundreds digit of v?
2
Suppose 0 = 5*i + 2*i - 3801. What is the hundreds digit of i?
5
Let j(d) = -29*d**3 + 4*d - 2. Let v(t) = 57*t**3 - 7*t + 3. Let a(p) = -5*j(p) - 3*v(p). Suppose -1 = n - k - 5, 3*n + 8 = -k. What is the units digit of a(n)?
6
Let r(n) = -n**3 + 10*n**2 + 14*n - 13. Let g be r(11). Let p(b) = b**2 - 19*b - 26. Let k be p(g). What is the units digit of 2085/35 + k/(-14)?
0
Let h(x) = x**3 - 12*x**2 + 16. Let v be h(12). Let t = v - 2. Suppose 3*s - 4*s + t = 2*c, 0 = c + 3*s - 2. What is the units digit of c?
8
Let s = -1 + -1. Let o(i) = -27*i**3 + i**2 - 2*i + 1. Let r be o(s). Suppose 4*y + 53 - r = 0. What is the units digit of y?
3
Let c(u) = 14*u - 23. What is the units digit of c(6)?
1
What is the tens digit of -1 + 15/(-10)*5*-32?
3
Let k(t) = -2*t**2 + 9*t - 7. Let v(z) = 3*z**2 - 13*z + 11. Let n(l) = 7*k(l) + 5*v(l). Suppose -5*r = -3*r - 16. What is the units digit of n(r)?
4
Let t(h) = -5*h**3 + 4*h**3 - 13 + 7*h - 10*h**2 + 19*h**2. What is the tens digit of t(9)?
5
Suppose -2*w + 5437 = 3*y, -8148 = -3*w - 75*y + 72*y. What is the units digit of w?
1
Let i(g) = -g**2 - 10*g - 3. Let k be i(-10). Let d(p) = 2*p - 3. Let l be d(k). Let a = l + 16. What is the units digit of a?
7
Suppose 0 = 5*m + 14 + 11. Let w(k) = 14*k**2 - 10*k + 8. Let p(h) = 9*h**2 - 7*h + 5. Let t(s) = m*w(s) + 8*p(s). What is the units digit of t(6)?
6
Let s = -15 + 24. Let f(d) = -4 + 10*d - 3 - d**2 + 2. What is the units digit of f(s)?
4
Suppose 2*p + 94 = 426. What is the tens digit of p?
6
Let q be 1 - ((-3)/3)/(4/12). Let s(d) = d**2 - 10*d + 9. Let w(y) = y**2 - 9*y + 8. Let z(i) = 3*s(i) - 4*w(i). Wh